{"id":6431,"date":"2023-02-07T16:50:21","date_gmt":"2023-02-07T19:50:21","guid":{"rendered":"https:\/\/www.goremaule.cl\/goremauleVII\/?page_id=6431"},"modified":"2023-11-10T15:52:45","modified_gmt":"2023-11-10T18:52:45","slug":"subvenciones-para-actividades-fndr-8-ano-2023","status":"publish","type":"page","link":"https:\/\/www.goremaule.cl\/goremauleVII\/subvenciones-para-actividades-fndr-8-ano-2023\/","title":{"rendered":"Subvenciones para actividades FNDR 8% a\u00f1o 2023"},"content":{"rendered":"\n<div class=\"wp-block-file\"><a href=\"https:\/\/www.goremaule.cl\/goremauleVII\/wp-content\/uploads\/2023\/11\/RES.EX_.-9100-1.pdf\">Resultados definitivos Concurso FNDR 8% Medio Ambiente y Educaci\u00f3n Ambiental <strong><em><sup><span class=\"has-inline-color has-vivid-green-cyan-color\">Nuevo<\/span><\/sup><\/em><\/strong> <\/a><a href=\"https:\/\/www.goremaule.cl\/goremauleVII\/wp-content\/uploads\/2023\/11\/RES.EX_.-9100-1.pdf\" class=\"wp-block-file__button\" download>Descarga<\/a><\/div>\n\n\n\n<hr class=\"wp-block-separator\"\/>\n\n\n\n<div class=\"wp-block-file\"><a href=\"https:\/\/www.goremaule.cl\/goremauleVII\/wp-content\/uploads\/2023\/10\/RES.EX_.-7828.-Resultados-complementarios-Deporte.pdf\">Resultados definitivos Concurso FNDR 8% Deporte <\/a><a href=\"https:\/\/www.goremaule.cl\/goremauleVII\/wp-content\/uploads\/2023\/10\/RES.EX_.-7828.-Resultados-complementarios-Deporte.pdf\" class=\"wp-block-file__button\" download>Descarga<\/a><\/div>\n\n\n\n<hr class=\"wp-block-separator\"\/>\n\n\n\n<div class=\"wp-block-file\"><a href=\"https:\/\/www.goremaule.cl\/goremauleVII\/wp-content\/uploads\/2023\/11\/RES.EX_.-9183-1.pdf\">RES. EX N\u00b0 9183<\/a><a href=\"https:\/\/www.goremaule.cl\/goremauleVII\/wp-content\/uploads\/2023\/11\/RES.EX_.-9183-1.pdf\" class=\"wp-block-file__button\" download>Descarga<\/a><\/div>\n\n\n\n<div class=\"wp-block-file\"><a href=\"https:\/\/www.goremaule.cl\/goremauleVII\/wp-content\/uploads\/2023\/09\/Res.-7429-Seguridad-Ciudadana.pdf\">Resultados definitivos Concurso FNDR 8% Seguridad Ciudadana <\/a><a href=\"https:\/\/www.goremaule.cl\/goremauleVII\/wp-content\/uploads\/2023\/09\/Res.-7429-Seguridad-Ciudadana.pdf\" class=\"wp-block-file__button\" download>Descarga<\/a><\/div>\n\n\n\n<hr class=\"wp-block-separator\"\/>\n\n\n\n<div class=\"wp-block-file\"><a href=\"https:\/\/www.goremaule.cl\/goremauleVII\/wp-content\/uploads\/2023\/09\/REs.-7430-Cultura.pdf\">&nbsp;Resultados definitivos Concurso FNDR 8% Actividades Culturales<\/a><a href=\"https:\/\/www.goremaule.cl\/goremauleVII\/wp-content\/uploads\/2023\/09\/REs.-7430-Cultura.pdf\" class=\"wp-block-file__button\" download>Descarga<\/a><\/div>\n\n\n\n<hr class=\"wp-block-separator\"\/>\n\n\n\n<p><\/p>\n\n\n\n<div class=\"wp-block-file\"><a href=\"https:\/\/www.goremaule.cl\/goremauleVII\/wp-content\/uploads\/2023\/09\/Resultados-1\u00b0-Evaluacion-2-para-Subsanar-Medioambiente.pdf\">Resultados primera evaluaci\u00f3n para subsanar medioambiente<\/a><a href=\"https:\/\/www.goremaule.cl\/goremauleVII\/wp-content\/uploads\/2023\/09\/Resultados-1\u00b0-Evaluacion-2-para-Subsanar-Medioambiente.pdf\" class=\"wp-block-file__button\" download>Descarga<\/a><\/div>\n\n\n\n<hr class=\"wp-block-separator\"\/>\n\n\n\n<div class=\"wp-block-file\"><a href=\"https:\/\/www.goremaule.cl\/goremauleVII\/wp-content\/uploads\/2023\/07\/Resultados-1\u00b0-Evaluacion-Para-Subsanar-Seguridad-Ciudadana.pdf\">Resultados de evaluaci\u00f3n para subsanar Seguridad Ciudadana<\/a><a href=\"https:\/\/www.goremaule.cl\/goremauleVII\/wp-content\/uploads\/2023\/07\/Resultados-1\u00b0-Evaluacion-Para-Subsanar-Seguridad-Ciudadana.pdf\" class=\"wp-block-file__button\" download>Descarga<\/a><\/div>\n\n\n\n<div class=\"wp-block-file\"><a href=\"https:\/\/www.goremaule.cl\/goremauleVII\/wp-content\/uploads\/2023\/07\/Resultados-de-1\u00b0-Evaluacion-Para-Subsanar-Cultura.pdf\">Resultados de evaluaci\u00f3n para subsanar Cultura<\/a><a href=\"https:\/\/www.goremaule.cl\/goremauleVII\/wp-content\/uploads\/2023\/07\/Resultados-de-1\u00b0-Evaluacion-Para-Subsanar-Cultura.pdf\" class=\"wp-block-file__button\" download>Descarga<\/a><\/div>\n\n\n\n<hr class=\"wp-block-separator\"\/>\n\n\n\n<div class=\"wp-block-file\"><a href=\"https:\/\/www.goremaule.cl\/goremauleVII\/wp-content\/uploads\/2023\/07\/RES.E.5109.-Financiamiento-Deportes.pdf\"><br>Resultados Definitivos <\/a><a href=\"https:\/\/www.goremaule.cl\/goremauleVII\/wp-content\/uploads\/2023\/07\/RES.E.5109.-Financiamiento-Deportes.pdf\" class=\"wp-block-file__button\" download>Descarga<\/a><\/div>\n\n\n\n<div class=\"wp-block-file\"><a href=\"https:\/\/www.goremaule.cl\/goremauleVII\/wp-content\/uploads\/2023\/05\/RESULTADOS-DEPORTE-FNDR-8-2023.pdf\">Resultados de 1\u00b0 Evaluaci\u00f3n Para Subsanar<\/a><a href=\"https:\/\/www.goremaule.cl\/goremauleVII\/wp-content\/uploads\/2023\/05\/RESULTADOS-DEPORTE-FNDR-8-2023.pdf\" class=\"wp-block-file__button\" download>Descarga<\/a><\/div>\n\n\n\n<p><\/p>\n\n\n\n<hr class=\"wp-block-separator\"\/>\n\n\n\n<h4 class=\"wp-block-heading\">Recursos<\/h4>\n\n\n\n<div class=\"wp-block-file\"><a href=\"https:\/\/www.goremaule.cl\/goremauleVII\/wp-content\/uploads\/2023\/03\/Presentacion-Capacitacion-Concurso-2023..ppt\">Presentaci\u00f3n Capacitaci\u00f3n Concurso 8% A\u00f1o 2023. &#8211; Formato PPT<\/a><a href=\"https:\/\/www.goremaule.cl\/goremauleVII\/wp-content\/uploads\/2023\/03\/Presentacion-Capacitacion-Concurso-2023..ppt\" class=\"wp-block-file__button\" download>Descarga<\/a><\/div>\n\n\n\n<p><\/p>\n\n\n\n<div class=\"wp-block-file\"><a href=\"https:\/\/www.goremaule.cl\/goremauleVII\/wp-content\/uploads\/2023\/03\/Presentacion-Capacitacion-Concurso-2023-8..pdf\">Presentaci\u00f3n Capacitaci\u00f3n Concurso 8% A\u00f1o 2023. &#8211; Formato PDF<\/a><a href=\"https:\/\/www.goremaule.cl\/goremauleVII\/wp-content\/uploads\/2023\/03\/Presentacion-Capacitacion-Concurso-2023-8..pdf\" class=\"wp-block-file__button\" download>Descarga<\/a><\/div>\n\n\n\n<p><\/p>\n","protected":false},"excerpt":{"rendered":"<p>Recursos<\/p>\n","protected":false},"author":2,"featured_media":0,"parent":0,"menu_order":0,"comment_status":"closed","ping_status":"closed","template":"","meta":{"footnotes":""},"class_list":["post-6431","page","type-page","status-publish","hentry"],"_links":{"self":[{"href":"https:\/\/www.goremaule.cl\/goremauleVII\/wp-json\/wp\/v2\/pages\/6431","targetHints":{"allow":["GET"]}}],"collection":[{"href":"https:\/\/www.goremaule.cl\/goremauleVII\/wp-json\/wp\/v2\/pages"}],"about":[{"href":"https:\/\/www.goremaule.cl\/goremauleVII\/wp-json\/wp\/v2\/types\/page"}],"author":[{"embeddable":true,"href":"https:\/\/www.goremaule.cl\/goremauleVII\/wp-json\/wp\/v2\/users\/2"}],"replies":[{"embeddable":true,"href":"https:\/\/www.goremaule.cl\/goremauleVII\/wp-json\/wp\/v2\/comments?post=6431"}],"version-history":[{"count":28,"href":"https:\/\/www.goremaule.cl\/goremauleVII\/wp-json\/wp\/v2\/pages\/6431\/revisions"}],"predecessor-version":[{"id":8546,"href":"https:\/\/www.goremaule.cl\/goremauleVII\/wp-json\/wp\/v2\/pages\/6431\/revisions\/8546"}],"wp:attachment":[{"href":"https:\/\/www.goremaule.cl\/goremauleVII\/wp-json\/wp\/v2\/media?parent=6431"}],"curies":[{"name":"wp","href":"https:\/\/api.w.org\/{rel}","templated":true}]}}