{"id":13777,"date":"2026-01-22T11:21:00","date_gmt":"2026-01-22T14:21:00","guid":{"rendered":"https:\/\/www.goremaule.cl\/goremauleVII\/?page_id=13777"},"modified":"2026-03-19T12:56:08","modified_gmt":"2026-03-19T15:56:08","slug":"fndr-8-ano-2026","status":"publish","type":"page","link":"https:\/\/www.goremaule.cl\/goremauleVII\/fndr-8-ano-2026\/","title":{"rendered":"FNDR 8% A\u00d1O 2026"},"content":{"rendered":"\n<figure class=\"wp-block-image size-large\"><img loading=\"lazy\" decoding=\"async\" width=\"1024\" height=\"310\" src=\"https:\/\/www.goremaule.cl\/goremauleVII\/wp-content\/uploads\/2026\/01\/BANNER-COSTADO-PAGINA-WEB-5-1024x310.png\" alt=\"\" class=\"wp-image-13863\" srcset=\"https:\/\/www.goremaule.cl\/goremauleVII\/wp-content\/uploads\/2026\/01\/BANNER-COSTADO-PAGINA-WEB-5-1024x310.png 1024w, https:\/\/www.goremaule.cl\/goremauleVII\/wp-content\/uploads\/2026\/01\/BANNER-COSTADO-PAGINA-WEB-5-300x91.png 300w, https:\/\/www.goremaule.cl\/goremauleVII\/wp-content\/uploads\/2026\/01\/BANNER-COSTADO-PAGINA-WEB-5-768x232.png 768w, https:\/\/www.goremaule.cl\/goremauleVII\/wp-content\/uploads\/2026\/01\/BANNER-COSTADO-PAGINA-WEB-5-660x200.png 660w, https:\/\/www.goremaule.cl\/goremauleVII\/wp-content\/uploads\/2026\/01\/BANNER-COSTADO-PAGINA-WEB-5.png 1031w\" sizes=\"auto, (max-width: 1024px) 100vw, 1024px\" \/><\/figure>\n\n\n\n<p><a href=\"https:\/\/www.goremaule.cl\/goremauleVII\/concurso-on-line-fndr-8-2\/\"><strong>Actividades de Seguridad Ciudadana, Actividades de Car\u00e1cter Social, Actividades Culturales y Patrimoniales<\/strong> <sup><em><strong><mark style=\"background-color:rgba(0, 0, 0, 0)\" class=\"has-inline-color has-vivid-green-cyan-color\">nuevo<\/mark><\/strong><\/em><\/sup><\/a><\/p>\n\n\n\n<p><a rel=\"noreferrer noopener\" href=\"https:\/\/www.goremaule.cl\/goremauleVII\/concurso-on-line-fndr-8\/\" target=\"_blank\"><strong>Concurso On-Line de Actividades Deportivas, Protecci\u00f3n del Medio Ambiente y Educaci\u00f3n Ambiental y de Adopci\u00f3n, Rescate, Atenci\u00f3n y Tratamiento Veterinario y Gesti\u00f3n de Residuos Animales<\/strong>.<\/a><\/p>\n\n\n\n<p><a href=\"https:\/\/www.goremaule.cl\/goremauleVII\/actividades-culturales-y-programacion-teatros-fndr-8-ano-2026\" target=\"_blank\" rel=\"noreferrer noopener\"><strong>Actividades culturales y programaci\u00f3n teatros FNDR 8% a\u00f1o 2026 &#8211; <sup><em><span class=\"has-inline-color has-luminous-vivid-orange-color\">Municipios<\/span><\/em><\/sup><\/strong><\/a><\/p>\n\n\n\n<p><a href=\"https:\/\/goremaule.cl\/uploads\/INSUMOS_MANUAL_DE_MARCA_2026%20(2).rar\">Insumos manual de marca<\/a><a href=\"https:\/\/www.goremaule.cl\/goremauleVII\/actividades-culturales-y-programacion-teatros-fndr-8-ano-2026\" target=\"_blank\" rel=\"noreferrer noopener\"><strong><sup><span class=\"has-inline-color has-vivid-green-cyan-color\"><\/span><\/sup><\/strong><\/a><\/p>\n\n\n\n<div class=\"wp-block-file\"><a href=\"https:\/\/www.goremaule.cl\/goremauleVII\/wp-content\/uploads\/2026\/01\/RES.EX_.-4222-1Manual-de-marca-8-jul-2025.pdf\">RES. EX. N.\u00b04222 Manual de marca<\/a><a href=\"https:\/\/www.goremaule.cl\/goremauleVII\/wp-content\/uploads\/2026\/01\/RES.EX_.-4222-1Manual-de-marca-8-jul-2025.pdf\" class=\"wp-block-file__button wp-element-button\" download>Descarga<\/a><\/div>\n\n\n\n<div class=\"wp-block-file\"><a href=\"https:\/\/www.goremaule.cl\/goremauleVII\/wp-content\/uploads\/2026\/02\/MANUAL-DE-DIFUSION-2026.pdf\">MANUAL DE DIFUSION 2026<\/a><a href=\"https:\/\/www.goremaule.cl\/goremauleVII\/wp-content\/uploads\/2026\/02\/MANUAL-DE-DIFUSION-2026.pdf\" class=\"wp-block-file__button wp-element-button\" download>Descarga<\/a><\/div>\n\n\n\n<div class=\"wp-block-file\"><a href=\"https:\/\/www.goremaule.cl\/goremauleVII\/wp-content\/uploads\/2026\/01\/RES.EX_.-8904_MANUAL-DE-RENDICIONES.pdf\">RES. EX. 8904 Manual de rendiciones<\/a><a href=\"https:\/\/www.goremaule.cl\/goremauleVII\/wp-content\/uploads\/2026\/01\/RES.EX_.-8904_MANUAL-DE-RENDICIONES.pdf\" class=\"wp-block-file__button wp-element-button\" download>Descarga<\/a><\/div>\n\n\n\n<p><a href=\"https:\/\/www.goremaule.cl\/goremauleVII\/rendicion-de-subvenciones\/\">Rendici\u00f3n de subvenciones<\/a><\/p>\n\n\n\n<p><\/p>\n","protected":false},"excerpt":{"rendered":"<p>Actividades de Seguridad Ciudadana, Actividades de Car\u00e1cter Social, Actividades Culturales y Patrimoniales nuevo Concurso On-Line de Actividades Deportivas, Protecci\u00f3n del Medio Ambiente y Educaci\u00f3n Ambiental y de Adopci\u00f3n, Rescate, Atenci\u00f3n y Tratamiento Veterinario y Gesti\u00f3n de Residuos Animales. Actividades culturales y programaci\u00f3n teatros FNDR 8% a\u00f1o 2026 &#8211; Municipios Insumos manual de marca Rendici\u00f3n de [&hellip;]<\/p>\n","protected":false},"author":1,"featured_media":0,"parent":0,"menu_order":0,"comment_status":"closed","ping_status":"closed","template":"","meta":{"footnotes":""},"class_list":["post-13777","page","type-page","status-publish","hentry"],"_links":{"self":[{"href":"https:\/\/www.goremaule.cl\/goremauleVII\/wp-json\/wp\/v2\/pages\/13777","targetHints":{"allow":["GET"]}}],"collection":[{"href":"https:\/\/www.goremaule.cl\/goremauleVII\/wp-json\/wp\/v2\/pages"}],"about":[{"href":"https:\/\/www.goremaule.cl\/goremauleVII\/wp-json\/wp\/v2\/types\/page"}],"author":[{"embeddable":true,"href":"https:\/\/www.goremaule.cl\/goremauleVII\/wp-json\/wp\/v2\/users\/1"}],"replies":[{"embeddable":true,"href":"https:\/\/www.goremaule.cl\/goremauleVII\/wp-json\/wp\/v2\/comments?post=13777"}],"version-history":[{"count":13,"href":"https:\/\/www.goremaule.cl\/goremauleVII\/wp-json\/wp\/v2\/pages\/13777\/revisions"}],"predecessor-version":[{"id":14274,"href":"https:\/\/www.goremaule.cl\/goremauleVII\/wp-json\/wp\/v2\/pages\/13777\/revisions\/14274"}],"wp:attachment":[{"href":"https:\/\/www.goremaule.cl\/goremauleVII\/wp-json\/wp\/v2\/media?parent=13777"}],"curies":[{"name":"wp","href":"https:\/\/api.w.org\/{rel}","templated":true}]}}